prime factors of 1714?
2, 857
List the prime factors of 39670.
2, 5, 3967
List the prime factors of 1629.
3, 181
List the prime factors of 1052.
2, 263
What are the prime factors of 1763?
41, 43
What are the prime factors of 8111?
8111
What are the prime factors of 38093?
11, 3463
List the prime factors of 18124.
2, 23, 197
List the prime factors of 22864.
2, 1429
List the prime factors of 1634.
2, 19, 43
List the prime factors of 2296.
2, 7, 41
List the prime factors of 8447.
8447
List the prime factors of 14430.
2, 3, 5, 13, 37
What are the prime factors of 431?
431
What are the prime factors of 958?
2, 479
List the prime factors of 10996.
2, 2749
What are the prime factors of 1019?
1019
List the prime factors of 379.
379
What are the prime factors of 13065?
3, 5, 13, 67
What are the prime factors of 606?
2, 3, 101
List the prime factors of 48701.
31, 1571
What are the prime factors of 277?
277
List the prime factors of 1296.
2, 3
What are the prime factors of 2705?
5, 541
What are the prime factors of 791?
7, 113
What are the prime factors of 57732?
2, 3, 17, 283
List the prime factors of 3995.
5, 17, 47
List the prime factors of 42347.
17, 47, 53
List the prime factors of 888.
2, 3, 37
What are the prime factors of 47668?
2, 17, 701
What are the prime factors of 690?
2, 3, 5, 23
What are the prime factors of 616?
2, 7, 11
What are the prime factors of 5445?
3, 5, 11
List the prime factors of 388.
2, 97
List the prime factors of 36308.
2, 29, 313
List the prime factors of 6268.
2, 1567
What are the prime factors of 17943?
3, 5981
List the prime factors of 5740.
2, 5, 7, 41
List the prime factors of 4057.
4057
What are the prime factors of 7087?
19, 373
List the prime factors of 932.
2, 233
What are the prime factors of 35682?
2, 3, 19, 313
What are the prime factors of 8926?
2, 4463
List the prime factors of 977.
977
What are the prime factors of 19415?
5, 11, 353
List the prime factors of 355.
5, 71
List the prime factors of 7447.
11, 677
List the prime factors of 2920.
2, 5, 73
What are the prime factors of 22729?
7, 17, 191
List the prime factors of 86206.
2, 43103
What are the prime factors of 2317?
7, 331
What are the prime factors of 1593?
3, 59
What are the prime factors of 8839?
8839
What are the prime factors of 5904?
2, 3, 41
List the prime factors of 887.
887
What are the prime factors of 2836?
2, 709
List the prime factors of 138889.
138889
What are the prime factors of 13684?
2, 11, 311
List the prime factors of 105.
3, 5, 7
List the prime factors of 5814.
2, 3, 17, 19
List the prime factors of 28436.
2, 7109
What are the prime factors of 2990?
2, 5, 13, 23
List the prime factors of 26097.
3, 8699
What are the prime factors of 4430?
2, 5, 443
What are the prime factors of 7709?
13, 593
List the prime factors of 9998.
2, 4999
List the prime factors of 53884.
2, 19, 709
List the prime factors of 142.
2, 71
List the prime factors of 18013.
18013
List the prime factors of 250.
2, 5
What are the prime factors of 3333?
3, 11, 101
List the prime factors of 28253.
19, 1487
List the prime factors of 8216.
2, 13, 79
List the prime factors of 609.
3, 7, 29
What are the prime factors of 88536?
2, 3, 7, 17, 31
What are the prime factors of 1913?
1913
List the prime factors of 12131.
7, 1733
What are the prime factors of 147426?
2, 3, 24571
What are the prime factors of 620?
2, 5, 31
What are the prime factors of 22734?
2, 3, 421
List the prime factors of 118655.
5, 19, 1249
List the prime factors of 8043.
3, 7, 383
What are the prime factors of 35495?
5, 31, 229
What are the prime factors of 17067?
3, 5689
List the prime factors of 5018.
2, 13, 193
What are the prime factors of 31621?
103, 307
List the prime factors of 10249.
37, 277
What are the prime factors of 133061?
271, 491
What are the prime factors of 43391?
43391
What are the prime factors of 19996?
2, 4999
What are the prime factors of 55310?
2, 5, 5531
List the prime factors of 37450.
2, 5, 7, 107
What are the prime factors of 4672?
2, 73
What are the prime factors of 3550?
2, 5, 71
List the prime factors of 1366.
2, 683
What are the prime factors of 19918?
2, 23, 433
List the prime factors of 2297.
2297
List the prime factors of 4056.
2, 3, 13
What are the prime factors of 101?
101
What are the prime factors of 1104?
2, 3, 23
What are the prime factors of 6464?
2, 101
What are the prime factors of 2115?
3, 5, 47
What are the prime factors of 622?
2, 311
List the prime factors of 7333.
7333
List the prime factors of 120687.
3, 7, 821
What are the prime factors of 10163?
10163
List the prime factors of 1926.
2, 3, 107
List the prime factors of 4277.
7, 13, 47
List the prime factors of 23855.
5, 13, 367
What are the prime factors of 29307?
3, 9769
What are the prime factors of 58241?
139, 419
List the prime factors of 14490.
2, 3, 5, 7, 23
List the prime factors of 51100.
2, 5, 7, 73
What are the prime factors of 81478?
2, 40739
List the prime factors of 808.
2, 101
List the prime factors of 794.
2, 397
What are the prime factors of 91482?
2, 3, 79, 193
List the prime factors of 1421.
7, 29
List the prime factors of 701.
701
What are the prime factors of 423?
3, 47
List the prime factors of 151.
151
List the prime factors of 29655.
3, 5, 659
List the prime factors of 18965.
5, 3793
List the prime factors of 5724.
2, 3, 53
What are the prime factors of 39150?
2, 3, 5, 29
List the prime factors of 538.
2, 269
List the prime factors of 512.
2
List the prime factors of 582.
2, 3, 97
What are the prime factors of 35020?
2, 5, 17, 103
List the prime factors of 144576.
2, 3, 251
What are the prime factors of 142?
2, 71
What are the prime factors of 1000?
2, 5
List the prime factors of 778.
2, 389
List the prime factors of 10292.
2, 31, 83
What are the prime factors of 7071?
3, 2357
What are the prime factors of 68143?
83, 821
List the prime factors of 37533.
3, 12511
List the prime factors of 277.
277
List the prime factors of 1414.
2, 7, 101
What are the prime factors of 29601?
3, 11, 13, 23
What are the prime factors of 919?
919
What are the prime factors of 3318?
2, 3, 7, 79
What are the prime factors of 1337?
7, 191
What are the prime factors of 15764?
2, 7, 563
What are the prime factors of 17356?
2, 4339
List the prime factors of 6683.
41, 163
What are the prime factors of 1515?
3, 5, 101
List the prime factors of 12747.
3, 7, 607
List the prime factors of 9307.
41, 227
What are the prime factors of 144?
2, 3
List the prime factors of 2231.
23, 97
What are the prime factors of 28538?
2, 19, 751
What are the prime factors of 976?
2, 61
List the prime factors of 3649.
41, 89
List the prime factors of 2496.
2, 3, 13
List the prime factors of 97950.
2, 3, 5, 653
List the prime factors of 2890.
2, 5, 17
What are the prime factors of 6436?
2, 1609
What are the prime factors of 51224?
2, 19, 337
What are the prime factors of 2376?
2, 3, 11
List the prime factors of 6403.
19, 337
What are the prime factors of 93992?
2, 31, 379
What are the prime factors of 30427?
30427
List the prime factors of 108113.
73, 1481
What are the prime factors of 1612?
2, 13, 31
What are the prime factors of 14930?
2, 5, 1493
List the prime factors of 52985.
5, 10597
What are the prime factors of 831?
3, 277
What are the prime factors of 4136?
2, 11, 47
List the prime factors of 6143.
6143
List the prime factors of 1428.
2, 3, 7, 17
What are the prime factors of 8216?
2, 13, 79
List the prime factors of 122084.
2, 23, 1327
List the prime factors of 9140.
2, 5, 457
What are the prime factors of 47788?
2, 13, 919
What are the prime factors of 6487?
13, 499
List the prime factors of 1381.
1381
What are the prime factors of 5203?
11, 43
What are the prime factors of 12947?
11, 107
What are the prime factors of 5219?
17, 307
What are the prime factors of 5795?
5, 19, 61
What are the prime factors of 1807?
13, 139
List the prime factors of 1574.
2, 787
List the prime factors of 3868.
2, 967
What are the prime factors of 3759?
3, 7, 179
What are the prime factors of 5464?
2, 683
What are the prime factors of 2502?
2, 3, 139
List the prime factors of 193.
193
What are the prime factors of 18525?
3, 5, 13, 19
What are the prime factors of 1322?
2, 661
What are the prime factors of 3872?
2, 11
What are the prime facto